 8*g**3 + 81 - 16*g**3. Is b(-4) a composite number?
True
Suppose 5*j - 8 = 7. Suppose 0*r - 11 = 2*r + j*l, -5*l = -5*r + 35. Suppose 4*n = 1 - 13, -891 = -3*k - r*n. Is k a composite number?
True
Suppose 5*o - 36 = -3*q - 0*q, 0 = -2*q + o + 11. Is (-15)/(-20) - 13315/(-20)*q prime?
False
Is (-43128)/(-28)*(85 + -29) - -5 composite?
True
Is (-20)/((-160)/702504) + 8 a prime number?
False
Let p(a) = -703*a**2 + 21 + 6*a + 746*a**2 + 3*a. Is p(7) prime?
False
Let b = -62 - -87. Suppose -15 = -8*l + b. Suppose -3*u - 4*k + 994 = -1, 694 = 2*u - l*k. Is u prime?
True
Suppose 1015751 = 5*z - u, 38*u = 41*u + 18. Is z a prime number?
False
Let h(d) = -47*d - 51. Let j(b) = -16*b - 17. Let l(t) = -6*h(t) + 17*j(t). Let c be l(-18). Is ((-3)/(-1) + -4)*c prime?
True
Let j be (-2 + (-25)/(-10))*9338. Let u = 2400 + j. Is u a prime number?
True
Let a(t) = -2*t**3 - 14*t**2 - 20*t - 15. Let p be a(-5). Is (-45)/(-18)*(-141354)/p a composite number?
True
Suppose -37 = -5*f + 3*z, -3*f = 2*z + 1 - 8. Suppose 5*o = 5*i + 32750, 32741 = f*o - 3*i + i. Is o a prime number?
True
Let n(a) be the third derivative of a**7/2520 - a**6/360 - a**5/24 + 13*a**4/24 - 6*a**2. Let y(o) be the second derivative of n(o). Is y(9) a prime number?
False
Is 317/(-634) - -45131*(-13)/(-2) composite?
False
Suppose -5*n + 4*q + 445327 = 28828, 0 = -4*n + 2*q + 333204. Is n a prime number?
False
Let s(w) be the second derivative of w**5/2 - 7*w**4/12 - 3*w**3/2 - w**2/2 - 89*w - 2. Is s(6) a prime number?
False
Let w(q) = 7*q**2 - 14*q + 13. Let g be w(9). Let l = g - 313. Is l a composite number?
True
Let y(i) = 2*i**3 - 2*i. Let r be y(0). Suppose -s + 13083 = -r*t + 2*t, -5*t - 13118 = -s. Is s composite?
False
Let l = -60 + 95. Suppose 8*o = o + l. Suppose -o*f + 3*j + 350 + 56 = 0, -3*f + j = -246. Is f composite?
False
Suppose 2 = -2*c + 2*k - 10, -3*c - k - 6 = 0. Let u(a) = -233*a**2 + 870*a**2 - 6*a + 319*a**2 - 7. Is u(c) a prime number?
False
Let y(k) = k**3 + 10*k**2 - 11*k + 9. Let f(i) = -i**3 + 15*i**2 + 14*i + 21. Let w be f(16). Let u be y(w). Suppose -u*j + 134 = -2125. Is j prime?
True
Let p = 4034 + 2256. Suppose -k + 5*f + 1266 = 4*f, -3*f + p = 5*k. Is k composite?
True
Suppose 84205 = 5*d + 4*w, -32*d - 84205 = -37*d - w. Is d a prime number?
False
Let p = 1823 - 4150. Let v = -524 + 525. Is (p/(-6) - 7) + v/6 composite?
True
Suppose 0 = -3953*f + 3931*f + 100034. Is f a prime number?
True
Let x = 96896 + -7945. Is x prime?
True
Is (-56)/(-252) - (-3360905)/45 a composite number?
False
Is (1/(-2))/(77/(-303828602)) prime?
True
Suppose 5*o = 28 - 3, -r + 89409 = 4*o. Is r a prime number?
False
Let q(j) = -j**3 + j**2 - 6*j + 278. Let w be q(0). Let o be -6 + 8/2 + 1221. Let f = o - w. Is f a composite number?
False
Let t(q) = -2*q**2 - 4*q + 9. Let j be t(-6). Let c = 37 + j. Is ((3 + c)/(-3))/((-2)/5442) prime?
True
Suppose -2*b - 5*j = -15, 2*j = -4*b + 5*b + 6. Suppose 7497 = 3*s - 8*g + 4*g, b = -3*s - 2*g + 7515. Is s a composite number?
False
Suppose -33 = 53*h - 52*h. Let d = -13 - h. Is (2876/d)/((-6)/(-30)) prime?
True
Suppose -19*w = 11383 - 11212. Let i = -51 + 35. Is (4533/w)/(1 - i/(-15)) a prime number?
False
Is (2633/(-4))/((-1)/4) a composite number?
False
Suppose -4*z = l - 31541, 5*z = 11*l - 15*l + 39429. Suppose 6*p + 15779 = 10*p - 5*x, 2*p - x - z = 0. Is p prime?
False
Let u be ((-2)/14)/((-7)/49). Let m = u - 1. Suppose 2*k = -m*k + 818. Is k a composite number?
False
Let f(z) = 736189*z - 1302. Is f(1) a prime number?
True
Suppose 5*c = 2*k - 1, 0*k = k - 4*c + 1. Suppose k*m - 16747 = -4*b, m = 4*m - 2*b - 16741. Is m a prime number?
True
Suppose 186429 = 5*c - 28556. Let a = -25098 + c. Is a composite?
True
Suppose 5*z - 2*y - 4 = 0, -5*z = -10*z - y - 2. Suppose z = k + 3*i - 3248, -k - k = 2*i - 6500. Is k prime?
True
Let t = 3440094 + -2086451. Is t a composite number?
True
Suppose -q + 2*d - 3*d = -190472, -4 = -4*d. Is q composite?
False
Suppose -v - 8 = -z + v, 4*z + 5*v - 6 = 0. Suppose -4957 = -5*b + z*y, b - 3959 = -3*b + y. Is b a prime number?
False
Suppose -5 = -6*z - 89. Let j be 94/z + (-28)/98. Is (4/(-6))/(j/((-17430)/(-4))) a composite number?
True
Suppose 761*h - 765*h = -391948. Is h composite?
False
Let r = -9244 + 250. Let q = r - -15151. Is q a composite number?
True
Let y be 0 + 1/(-7) - (-15400)/(-245). Is (-506037)/y - 2/(-3) prime?
False
Let c(g) = -g**3 + 27*g**2 + 4*g + 107. Let i be (7 + -9 + 3)*(-4 + 30). Is c(i) a prime number?
True
Suppose n = -3*x - 2*n + 15, 5*x + 4*n - 20 = 0. Suppose 0 = -s + 5, 3*q - 4*s = -x*q + 10. Suppose q*w - 543 = 327. Is w prime?
False
Suppose 3*o + 13602 = 2*v + 7*o, 2*o = -6. Suppose -l = 2*l - v. Is l composite?
False
Let m = 33896 - -12209. Is m composite?
True
Suppose u = 4*u + 4*r - 179, 0 = 2*r - 4. Is ((-2)/6 - 0)/(u/(-260433)) prime?
True
Let m(f) be the third derivative of -f**6/120 - 13*f**5/30 + 19*f**4/12 + 37*f**3/6 - 17*f**2. Is m(-28) prime?
True
Suppose 0 = k + 4*k + 3325. Let y be (-12)/5*k/14. Suppose -3*p + 850 = 2*h, -y + 565 = h - 5*p. Is h a composite number?
False
Let w(z) = 2*z**2 - 12*z - 28. Let u be w(8). Suppose -n - 5*a + 334 = 0, -u*a - 253 = -n + 72. Is n prime?
False
Suppose 3*r + 2*n = 31609, 99*r + 52645 = 104*r - 4*n. Is r prime?
False
Suppose 0 = -4*r + 4*u + 569212, 5*r + 7*u = 6*u + 711479. Is r a prime number?
True
Let o be (8/12)/(2/3) + 2. Suppose v + g + o = -0*g, -g = -v - 3. Is (3/2)/v*-1222 a composite number?
True
Let o(w) = -2*w**3 + 13*w**2 - 7*w + 8. Let v be o(6). Suppose -h + 2*n + 1043 = 0, h - n - 3119 = -v*h. Is h a prime number?
True
Let i = 2170928 + -732637. Is i a prime number?
True
Let d be 177*(-5 + -3 + (-1 - 1)). Let q = 4792 + d. Is q prime?
False
Let p(o) = 5*o**2 + 18*o + 7. Let a(q) = -14*q**2 - 53*q - 22. Let h(z) = 6*a(z) + 17*p(z). Let m be h(13). Suppose m*v = -2*v + 658. Is v composite?
True
Let r(x) = 261*x**3 - 4*x**2 + 46*x - 308. Is r(9) composite?
False
Let g be 2/3 + (200/(-12))/(-5). Let a(f) = 47*f**2 - g - 4*f - 14 - 44*f**2. Is a(13) prime?
False
Let a(g) = 234*g**2 + 7*g + 7. Suppose -14*q + 11*q = -12. Is a(q) prime?
True
Let b(t) = -2*t**3 + 2. Let l(h) = -13*h**3 + 31*h**2 - 28*h - 7. Let g(x) = -6*b(x) + l(x). Is g(26) prime?
True
Suppose 9*w = 5*w + 20*w - 3911216. Is w a prime number?
True
Let o(d) = 19*d**2 + 8*d - 3. Let f be o(-8). Let n = 1370 - -656. Suppose 5*z = n + f. Is z composite?
True
Let u(l) = -2*l - 17. Let r(c) = 3*c**2 - 13*c - 4. Let g(m) = 2*m**2 - 6*m - 2. Let v(b) = 5*g(b) - 3*r(b). Let n be v(-5). Is u(n) prime?
True
Suppose 0 = 3*l - 5*t + 4 - 1, 0 = 2*l + 5*t + 27. Is 3199*l/63*-3 a composite number?
True
Is (-1831786)/(-4) - 3311/(-946) - 14/2 prime?
True
Suppose 50*p + 8 = 54*p. Suppose 0 = -5*j + p*j + 1848. Let b = -251 + j. Is b a composite number?
True
Suppose -3*r + 26545618 = 9*r + 10*r. Is r a composite number?
False
Let w be -2 - -2 - (-1 + -13). Let c(a) = 31*a - 15. Let v(t) = -22*t + 30. Let x(l) = 5*c(l) + 3*v(l). Is x(w) composite?
True
Let c be 68/12 + 0 - (-2)/(-3). Let o be 1*(c - 6) + 2340/2. Let n = o + -778. Is n a prime number?
False
Let b = -2 - -2. Let h = 7028 - 7026. Suppose b = -h*g + 4 - 10, v - g = 1350. Is v a composite number?
True
Let t = 109714 - -54949. Is t composite?
False
Suppose -121460 - 114308 = -8*x. Suppose -5*k - 3*d - x = -6*k, 0 = -4*k + 5*d + 117898. Is k prime?
False
Is (4 - (-4028 - 12)) + 1 a prime number?
False
Is (18/(-4))/(-3) + ((-40427107)/(-98) - -14) composite?
False
Let m(h) = -5*h**2 + 63*h - 32. Let g be m(12). Suppose -5*v - g*d = -10459, 0 = -4*v + d + 2588 + 5796. Is v prime?
False
Let j(l) = 4814*l - 4147. Is j(21) prime?
False
Let f(m) = 2*m**2 + 2*m - 2. Let v(d) = d - 9. Let a be v(6). Let x be f(a). Is (2612/x)/2 + (-8)/(-20) a prime number?
True
Suppose z + 4 = 0, -5*p + 59 = -4*z + 3*z. Suppose p - 8 = q. Suppose 2946 = 3*n + q*n. Is n a composite number?
False
Suppose 2*t = -0*t - 5*y + 433, 5*y = -4*t + 871. Let z = t - 205. Is z a composite number?
True
Suppose d + 7 = -16. Let m be (d - -22) + 2 + -1. Let o(g) = -g**2 + 3*g + 223. Is o(m) a prime number?
True
Let h(p) = -2*p**3 - 56*p**2 + 31*p + 63*p**2 - 11 - 29*p**2. Is h(-18) a prime number?
True
Suppose 37 = -4*p + 57. Suppose 